in base 11?
3803
-1010001001110 (base 2) to base 15
-1818
What is 42022 (base 5) in base 14?
1014
What is -142 (base 12) in base 7?
-365
What is -10232 (base 6) in base 2?
-10101101100
Convert 2063 (base 14) to base 4.
1113013
Convert -23305 (base 6) to base 3.
-11121012
-ea1 (base 16) to base 7
-13630
-6256a (base 11) to base 7
-526600
Convert -40a (base 15) to base 3.
-1020201
7c5 (base 13) to base 12
940
4301 (base 7) to base 9
2068
Convert 155 (base 14) to base 10.
271
Convert 32340 (base 6) to base 15.
14bc
-496 (base 11) to base 3
-210211
What is a (base 11) in base 5?
20
f8 (base 16) to base 14
13a
Convert 299 (base 14) to base 13.
317
Convert -12201111 (base 3) to base 7.
-15106
Convert 213 (base 14) to base 12.
2a1
What is 199 (base 13) in base 4?
10213
8b2 (base 14) to base 12
bb8
422531 (base 6) to base 9
52071
Convert -100220100 (base 3) to base 9.
-10810
Convert 1505 (base 7) to base 8.
1121
Convert 363 (base 10) to base 2.
101101011
Convert 13231 (base 4) to base 14.
273
What is 10000010011111 (base 2) in base 8?
20237
What is -2033 (base 10) in base 16?
-7f1
32322 (base 4) to base 8
1672
-50675 (base 9) to base 8
-101117
What is 70b (base 16) in base 14?
92b
150161 (base 7) to base 9
43575
14241 (base 6) to base 13
1048
138 (base 16) to base 12
220
-2302000 (base 4) to base 15
-3597
What is -1965 (base 13) in base 6?
-25333
Convert -5455 (base 11) to base 10.
-7199
What is 10 (base 8) in base 9?
8
What is -10b33 (base 13) in base 11?
-20983
-11324 (base 5) to base 3
-1011002
Convert 1585 (base 9) to base 10.
1211
What is -131311 (base 6) in base 4?
-2323123
Convert 40a99 (base 11) to base 9.
101125
352 (base 11) to base 16
1a4
Convert 1022331 (base 4) to base 5.
123142
Convert -10224 (base 9) to base 3.
-100020211
10000110111101 (base 2) to base 11
6542
Convert 110010110 (base 2) to base 10.
406
What is 22023 (base 6) in base 9?
4146
Convert 1031a (base 11) to base 3.
202121111
What is -60b (base 15) in base 4?
-111101
-1163 (base 9) to base 14
-45d
What is 1000121112 (base 3) in base 5?
1121004
Convert 180 (base 10) to base 14.
cc
What is -44 (base 8) in base 5?
-121
Convert -34062 (base 7) to base 3.
-102211020
1109 (base 10) to base 4
101111
Convert -1a95 (base 11) to base 12.
-1645
What is 166561 (base 8) in base 14?
1821b
264334 (base 7) to base 15
ea44
-32141 (base 10) to base 11
-2216a
What is 631 (base 13) in base 6?
4514
-8fdf (base 16) to base 11
-25743
-385 (base 15) to base 2
-1100100000
Convert -1a8 (base 13) to base 8.
-463
What is -7672 (base 12) in base 7?
-53015
abd4 (base 14) to base 2
111010001010110
-320103 (base 4) to base 8
-7023
f39 (base 16) to base 8
7471
What is 13039 (base 12) in base 4?
12111231
Convert 10820 (base 9) to base 13.
339c
Convert -100211010 (base 4) to base 2.
-10000100101000100
What is 104731 (base 8) in base 13?
130a7
-303 (base 13) to base 15
-240
4515 (base 10) to base 12
2743
-5aa (base 16) to base 10
-1450
-48 (base 16) to base 2
-1001000
What is -1122020210 (base 3) in base 14?
-ba83
What is 278c1 (base 13) in base 4?
102010122
What is -6a7 (base 13) in base 6?
-5155
5751 (base 16) to base 2
101011101010001
Convert -1011011001 (base 2) to base 9.
-1000
Convert 212 (base 14) to base 15.
1c3
-3587 (base 14) to base 7
-36130
What is 7a (base 11) in base 3?
10020
What is 2b90 (base 12) in base 14?
1c3a
-3074 (base 8) to base 10
-1596
What is -65402 (base 8) in base 3?
-1101120121
What is 3771 (base 13) in base 15?
24e6
Convert -16c6 (base 16) to base 14.
-21a6
What is -12431 (base 7) in base 6?
-23145
-239c (base 14) to base 13
-2aa0
What is 12bb2 (base 12) in base 13?
ba41
What is -1222000 (base 3) in base 10?
-1431
What is 24 (base 12) in base 5?
103
Convert -1033532 (base 6) to base 3.
-2121111102
Convert -1580 (base 10) to base 8.
-3054
Convert -24430 (base 5) to base 13.
-b06
What is 1e25 (base 15) in base 16?
19a0
What is -22023202 (base 4) in base 15?
-c54d
Convert 205342 (base 6) to base 5.
1014031
What is 1280 (base 9) in base 4?
33003
Convert -100101001010 (base 2) to base 8.
-4512
What is 495 (base 11) in base 14?
300
-100010 (base 3) to base 10
-246
What is -2146 (base 12) in base 15?
-1139
What is 737 (base 8) in base 5?
3404
What is 9b16 (base 12) in base 3?
212112100
1e7 (base 16) to base 13
2b6
-543 (base 6) to base 12
-153
Convert -dd9 (base 16) to base 15.
-10b5
3200 (base 4) to base 6
1012
-2102203 (base 4) to base 10
-9379
15300 (base 6) to base 8
4664
What is -392 (base 16) in base 12?
-642
Convert 318a (base 12) to base 5.
133214
1336 (base 8) to base 6
3222
Convert -1101125 (base 6) to base 9.
-83028
-14144 (base 5) to base 11
-978
What is 21200 (base 3) in base 16?
cf
What is 25c (base 14) in base 9?
576
Convert 1446 (base 7) to base 11.
481
Convert -2b6 (base 15) to base 5.
-4441
What is 10110000010011 (base 2) in base 7?
44616
403451 (base 6) to base 13
116bc
Convert 11111 (base 4) to base 3.
110122
-2046 (base 16) to base 6
-102130
Convert -130305 (base 6) to base 11.
-8937
Convert 12315 (base 6) to base 3.
2112102
Convert -6aa (base 13) to base 3.
-1120202
511 (base 9) to base 2
110011111
-202236 (base 7) to base 13
-12891
8998 (base 10) to base 14
33ca
31102103 (base 4) to base 6
1055535
Convert c0 (base 14) to base 7.
330
326 (base 10) to base 8
506
Convert -21030 (base 4) to base 5.
-4323
What is 1000000001 (base 2) in base 10?
513
What is -301311 (base 4) in base 15?
-e29
Convert 5aa1 (base 12) to base 7.
41512
What is -4a99 (base 12) in base 10?
-8469
What is 31020 (base 4) in base 9?
1133
What is 22000202 (base 3) in base 7?
23030
What is 2240 (base 9) in base 12?
b60
-3ab6 (base 14) to base 5
-312402
Convert 1726 (base 10) to base 4.
122332
Convert 6 (base 8) to base 12.
6
What is -2410031 (base 5) in base 16?
-ad67
-3157 (base 13) to base 2
-1101010110000
Convert 42 (base 16) to base 6.
150
What is 10202 (base 3) in base 10?
101
Convert 570 (base 12) to base 6.
3420
What is -4928 (base 10) in base 5?
-124203
-1685 (base 11) to base 3
-2221122
What is -23351 (base 6) in base 2?
-110100110011
-12000121 (base 3) to base 14
-1497
Convert 502c (base 13) to base 4.
2230033
-89 (base 16) to base 5
-1022
What is -2306 (base 8) in base 10?
-1222
88 (base 9) to base 12
68
What is -589 (base 10) in base 15?
-294
What is 24aa (base 12) in base 11?
3144
-2ea (base 15) to base 4
-22132
Convert -3333 (base 13) to base 7.
-26550
What is 24 (base 11) in base 8?
32
What is -1b41 (base 15) in base 5?
-142121
What is -1631 (base 15) in base 4?
-1022203
Convert -453 (base 11) to base 8.
-1036
-ee0 (base 15) to base 2
-110100100000
What is -1344 (base 12) in base 8?
-4244
Convert -111000110 (base 2) to base 6.
-2034
221000220 (base 3) to base 6
220253
Convert -7928 (base 10) to base 5.
-223203
10101000100 (base 2) to base 10
1348
Convert 82b5 (base 12) to base 5.
423444
Convert -1654 (base 10) to base 3.
-2021021
Convert -5668 (base 11) to base 4.
-1310133
Convert -1975 (base 11) to base 15.
-b1c
Convert 2eb8 (base 16) to base 9.
17358
-1831 (base 12) to base 3
-11000001
Convert 10131 (base 4) to base 12.
1b9
-13455 (base 6) to base 7
-6122
-2ff4 (base 16) to base 14
-468c
Convert 3305 (base 9) to base 2.
100110000011
Convert 121101 (base 3) to base 10.
442
Convert 1202 (base 8) to base 14.
33c
Convert -6766 (base 12) to base 4.
-2302332
-55314 (base 7) to base 15
-41a3
114001 (base 5) to base 6
31403
What is 11010010001001 (base 2) in base 11?
a117
Convert -20397 (base 12) to base 8.
-122043
Convert 12a (base 15) to base 9.
324
-be7f (base 16) to base 3
-2110220012
What is 1 (base 4) in base 15?
1
Convert -11010111011010 (base 2) to base 12.
-7b8a
What is 111021 (base 4) in base 7?
3642
-6015 (base 7) to base 3
-2211200
-4332 (base 5) to base 3
-210221
Convert 3871 (base 15) to base 5.
341111
-11d (base 15) to base 7
-511
100 (base 12) to base 6
400
What is 2101 (base 4) in base 16?
91
2f4f (base 16) to base 9
17546
What is -21623 (base 7) in base 3?
-21111002
Convert -2002122100 (base 3) to base 5.
-2310132
What is -385 (base 11) in base 14?
-248
What is -134252 (base 6) in base 13?
-5999
What is 18282 (base 11) in base 5?
1304441
Convert 11100 (base 4) to base 5.
2321
What is -5acd (base 16) in base 13?
-a771
-66058 (base 9) to base 16
-ab11
Convert 876 (base 10) 